et n = 70 - 51. Let d = v + n. Let x(g) = -g + 6. Calculate x(d).
0
Let v(m) be the second derivative of m**3/3 - 5*m**2/2 + m. Suppose 12 + 0 = 4*u. Suppose 2*w - 3*i = 23, -w + 6 = u*i + 17. Determine v(w).
3
Let y(u) be the first derivative of -1/12*u**4 + 0*u**2 - 6 + 2*u + 0*u**3. Let x(f) be the first derivative of y(f). Calculate x(2).
-4
Let p = 32 - 28. Let h be p + ((-10)/(-8) - (-1)/(-4)). Let t(f) = f**2 - 4*f + 4. Give t(h).
9
Let o(i) be the second derivative of i**5/20 + i**4/2 - i**3/6 - 7*i**2/2 - 28*i + 1. What is o(-6)?
-1
Suppose 436*y = 445*y - 36. Let d(g) = g**2 + 3*g - 6. Calculate d(y).
22
Let y(d) = 11*d**3 + 4*d**2 + 11. Let r(v) = 4*v**2 - 5 - 5*v**3 - 7*v**2 + v**2. Let h(l) = 7*r(l) + 3*y(l). Suppose -5*u + 3 = 13. Calculate h(u).
6
Let v be 5/(-20) + 21/4. Let q(z) be the second derivative of z**4/12 - z**3/3 - 3*z**2 - 19*z. Give q(v).
9
Suppose -t - 8 = 3*o, 0*t + 5*t = 3*o + 14. Let c be (0 - 0) + (-1 - t). Let u(q) = -q**2 + 2*q + 3. What is u(c)?
-5
Let j(l) = 3*l**3 + 2*l - 1. Let g be -2 + 3 + -10 + 10. Give j(g).
4
Let y(q) be the third derivative of -q**4/8 - q**3/3 + 77*q**2. Determine y(-5).
13
Let i(y) = y - 1. Let k(h) = -h**3 - 4*h**2 - h + 3. Let u be k(-3). Let f be (-4)/(-6) + 11/u. Let w(l) = -2*l. Let p(n) = f*i(n) - 2*w(n). Determine p(-6).
-3
Let j be (-4)/6 - 11/(-3). Let h(l) = 20*l**2 - 2*l**2 - 2 - 19*l**2 + 2*l. Calculate h(j).
-5
Let p(m) = -m**3 + 8*m**2 - 8*m + 5. Let n be 0*(-2 + 2 - -1). Suppose n = 2*w - 4. Suppose -w*a = 2*a - 28. What is p(a)?
-2
Let o(l) = l**3 + 5*l**2 + 2*l - 3. Let n(g) = g + 7. Let r be n(-3). Suppose 38 = 2*b - 2*w, -3*b + 35 = r*w - 1. Suppose -11*j + 7*j = b. Calculate o(j).
5
Suppose l = 3*k - 2 - 3, 3*l - 3*k - 3 = 0. Let i(m) = -6*m + 3. Give i(l).
-21
Let h = -142 + 136. Let g(c) = -c**3 - 6*c**2 - 4. Determine g(h).
-4
Suppose -f = -5*m + 4, -m + f = m - 1. Let s(c) be the second derivative of -7*c**3/6 - 21*c. Determine s(m).
-7
Let w(p) be the third derivative of p**6/360 + p**5/30 + p**4/4 + 6*p**3 - 11*p**2. Let f(j) be the first derivative of w(j). What is f(-5)?
11
Let l = 3 + -9. Let d(o) be the third derivative of o**4/24 + 2*o**3/3 - 28*o**2. Let k(f) = f + 3. Let s(a) = l*d(a) + 7*k(a). What is s(-6)?
-9
Let o be 11 - 9 - 6 - (2 - 2). Let l(y) = 4*y**3 - 9*y**2 + 5*y + 2. Let h(u) = u**3 - u**2 + u + 1. Let d(r) = -5*h(r) + l(r). Give d(o).
-3
Let r(z) = -2*z**3 - 9*z**2 + 3*z - 4. Let l be r(-5). Let m(b) = b**2 - 5*b - 8. What is m(l)?
-2
Let r = 174 + -168. Let a(j) = 4*j - 19. Calculate a(r).
5
Let x(p) be the second derivative of -p**5/20 - 17*p**4/12 + 13*p**2/2 + 107*p. Give x(-17).
13
Let x(l) = 4*l**2 + 2*l + 2. Let s(u) = u**3 + 8*u**2 + 16*u + 21. Let k be s(-6). Determine x(k).
32
Let n(t) = t**3 - 4*t**2 + 4*t - 2. Let p be (-6)/(-4)*12/(-18). Let f be p*((2 - 8) + 3). Suppose -5*s = -2*l - 9, -14 = -5*s - f*l + 10. Calculate n(s).
1
Let h(r) be the third derivative of r**4/24 + 4*r**3/3 + 42*r**2 - r. Suppose -3*q + 2*c - 4 = 0, 4*q - 2*c = -c - 2. Suppose 4 = -q*s - s. Determine h(s).
4
Let v be ((-28)/8 + 4)*(1 + 3). Let r(g) = -g + 6 + g**2 + v*g**2 - g**3 + 2*g**3 - 4*g. Calculate r(-5).
-19
Let v(m) = 7*m**2 - 2*m - 5. Let f(o) = 14*o**2 - 4*o - 11. Let g(r) = -3*f(r) + 7*v(r). Calculate g(-1).
7
Let l = 7 - 11. Let i(t) be the third derivative of 15*t**2 + 1/24*t**4 - 2/3*t**3 + 0 + 0*t. Determine i(l).
-8
Let o(d) be the third derivative of 3*d**2 - 1/3*d**3 + 1/120*d**6 + 1/8*d**4 + 0*d + 0 + 1/15*d**5. Let v = 8 + -11. What is o(v)?
-2
Suppose -13 = 5*u + 2*g, 3*u + 5*g + 24 = -u. Let k(z) = 6*z**3 + z**2 + 2*z + 1. What is k(u)?
-6
Suppose -3*f - 5*z = -17, -3*f + 2 + 35 = 10*z. Let t(y) = 17*y**2 - y - 1. Let x(b) = -16*b**2 + b + 1. Let g(n) = -3*t(n) - 4*x(n). What is g(f)?
13
Suppose 4*c = -4*x - 2 - 26, 2*c + 10 = 2*x. Let p(l) = -l**2 + 6. Let m(q) = q + 1. Let f(y) = 4*m(y) - p(y). What is f(c)?
10
Let v be (-1 - (-4)/(-12))*3. Let t(l) be the second derivative of -l**4/12 - l**3/6 - l**2/2 - 2*l. Let j(m) be the first derivative of t(m). Calculate j(v).
7
Let c be 0 - (0 + 1) - (0 + 66). Let m = 62 + c. Let o(d) = -d - 5. Determine o(m).
0
Let c(b) = b**3 - 28*b**2 - 56*b - 111. Let g be c(30). Let p(t) = 2*t + 12. Calculate p(g).
30
Let q(a) = 4*a + 8. Suppose 282*v = 287*v + 35. Calculate q(v).
-20
Let m(h) = h**3 + 6*h**2 + 3*h + 4. Let r be 7*((-120)/(-28))/3. Suppose -3*x + r = -89. Suppose 5*l = 2*g - 8, 3*l - 9 + x = -2*g. What is m(g)?
-14
Let i(v) = -19*v - 2. Let y be i(1). Let t = 32 + y. Let h(d) = -16*d + 30*d - t*d. Give h(-1).
-3
Suppose -3*g - z + 141 = 50, 3*g - 4*z = 86. Let c(y) = -4 + g*y + 3 - 31*y - 4. Determine c(4).
-9
Let v(t) = -3 + 4*t - 6*t + 6*t - 3*t. Let u be v(6). Let j(x) = x**3 - 3*x**2 + 2*x + 1. Give j(u).
7
Let s(d) = -d. Let p(x) = -5*x - 2. Let t(y) = p(y) - 4*s(y). Let f(h) = -h**2 + h + 16. Let r be f(0). Let w be 6/8*r/6. Calculate t(w).
-4
Let u(z) = -z**3 - 14*z**2 + 17*z + 29. Let p be ((-6 - -2) + 234/54)*-45. Determine u(p).
-1
Let m(k) = -k**2 - 5*k - 2. Let x be 2*-3 + 0 - -2. Let o be m(x). Suppose 11 = -o*i + 1. Let q(z) = -z**2 - 5*z + 6. Determine q(i).
6
Let l(z) = 5*z**3 + z**2 - 4*z + 3. Let x(n) be the first derivative of -9*n**4/4 - n**3/3 + 4*n**2 - 5*n - 24. Let h(r) = 11*l(r) + 6*x(r). What is h(-5)?
-17
Let o(j) = 5*j**2 + 0*j**2 - j**2 + j**3 + 4*j + 3. Suppose -2*n = -5 + 1. Suppose -3*y - 5*x - 43 + 14 = 0, -x = -n*y - 2. Give o(y).
0
Suppose -5*r + 39 = -a - 46, r = -4*a - 4. Suppose -39 = -2*p - 4*g + 3*g, -113 = -4*p + 5*g. Let d = p - r. Let h(c) = c - 2. Give h(d).
4
Suppose 3*x = 0, -2*k + 8*x = 10*x - 8. Let u(m) = -m**2 + m - 1. Let p(n) = n**3 - n - 1. Let g(a) = p(a) + 5*u(a). Calculate g(k).
-6
Let x be (-15)/6 + 6/4. Let l(k) = k**3 - k**2 - k + 1. Let w(q) = 7*q**2 + 5*q. Let p(n) = x*w(n) - l(n). Let o(v) = 3*v + 1. Let i be o(-2). What is p(i)?
-6
Let c(s) be the first derivative of s**4/4 + 2*s**3 - 3*s**2/2 + 3*s + 2. Let k be 22/(-66) + (-16)/6 - 4. Calculate c(k).
-25
Let i(v) = -6*v**3 + 12*v**2 + 45*v - 16. Let y(m) = 5*m**3 - 11*m**2 - 39*m + 14. Let x(b) = -6*i(b) - 7*y(b). Calculate x(-3).
7
Let k(o) = -1030*o**3 + 11*o**2 + 518*o**3 + 12*o + 513*o**3 + 6. Determine k(-10).
-14
Let k(h) = h**3 - 3*h**2 + 3*h. Let d be ((-48)/(-288))/(1/18). What is k(d)?
9
Let w(v) = v**3 + 2*v**2 - 4*v - 2. Suppose 2*d - j - 2 = 3*j, -3*j = -5*d - 9. Let o be w(d). Let f(b) = 10*b**3 - b**2. Give f(o).
9
Let c(t) = 3*t**3 - 2*t**3 + 1 + 3*t**2 + 20*t - 66*t + 33*t - 15*t**2. What is c(13)?
1
Let w(o) be the second derivative of -o**4/12 + o**3/2 + o. Suppose 4*q - 83 = -3*f + 63, 0 = -5*f + q + 205. Let v = 45 - f. Determine w(v).
0
Let s(k) be the third derivative of 3/8*k**4 + 14*k**2 + 1/120*k**6 - k**3 - 3/20*k**5 + 0 + 0*k. Calculate s(8).
2
Let v(s) be the second derivative of -5*s**4/12 - s**3/6 + s**2 + s + 2. What is v(1)?
-4
Let f(t) = -10*t**2 - 5*t - 5. Let m(h) = -15*h**2 - 7*h - 7. Let a(p) = 7*f(p) - 5*m(p). Let g = -19 - 14. Let o be 6/(-27) - g/27. Calculate a(o).
5
Let m(x) be the first derivative of -2*x**3/3 + 2*x**2 - x + 13. Suppose 30 = 2*d + 3*t, -4*t + 10 = 2. Suppose d = 4*o - 0*o. Determine m(o).
-7
Let v = -1 - -4. Let g(m) be the second derivative of m**7/840 - m**6/120 - m**3 - 5*m. Let h(r) be the second derivative of g(r). Calculate h(v).
0
Suppose -2*g = -4*n - 6, -n - 23 = 4*g - 2*n. Let o(l) = l**3 - 6*l**2 - l + 3. Let k(x) = x**3 - 6*x**2 + 3. Let s(h) = g*k(h) + 6*o(h). What is s(5)?
-8
Let j(y) = -y**2 + 4*y + 6. Let l(h) be the third derivative of h**5/60 - 7*h**4/12 + h**3 - 10*h**2. Let b be l(14). Calculate j(b).
-6
Suppose -4*t + 11 = -5. Let y(w) = t*w**2 - 2*w - 2*w + w + w**3 - 1 + 4*w. Calculate y(-3).
5
Let h(b) = b**2 + 11*b - 7. Let t = 911 + -924. Give h(t).
19
Let w(s) = s**2 + 6*s. Suppose 0*f = -3*f + 12. Suppose 5*v + f = p, -4*p = 4*v + 23 + 9. Let b be (-3 - 0) + 6/p. Give w(b).
-8
Suppose 0 = -3*o - 5 - 4. Suppose -j - 146 = -t, 3*t - 385 = j + 61. Let f(h) = 2*h**2 + t - 3*h**2 - 302 - 4*h + 149. Calculate f(o).
0
Suppose -88*c + 4 = -87*c. Suppose 4*n = -4*b, -b - c*n = n + 20. Let p(i) = 5*i + 1 - 3*i - 4. Give p(b).
7
Let g(i) = -5*i + 9. Let n(h) = -h + 1. Let b(s) = -g